{"id":299,"date":"2024-02-12T14:51:20","date_gmt":"2024-02-12T14:51:20","guid":{"rendered":"https:\/\/valeriebonnard.com\/?page_id=299"},"modified":"2024-02-12T14:53:51","modified_gmt":"2024-02-12T14:53:51","slug":"recital","status":"publish","type":"page","link":"https:\/\/valeriebonnard.com\/?page_id=299","title":{"rendered":"R\u00e9cital"},"content":{"rendered":"\t\t<div data-elementor-type=\"wp-page\" data-elementor-id=\"299\" class=\"elementor elementor-299\">\n\t\t\t\t<div class=\"elementor-element elementor-element-c986cf3 e-flex e-con-boxed e-con e-parent\" data-id=\"c986cf3\" data-element_type=\"container\" data-e-type=\"container\">\n\t\t\t\t\t<div class=\"e-con-inner\">\n\t\t\t\t<div class=\"elementor-element elementor-element-5c71edb elementor-widget elementor-widget-heading\" data-id=\"5c71edb\" data-element_type=\"widget\" data-e-type=\"widget\" data-widget_type=\"heading.default\">\n\t\t\t\t<div class=\"elementor-widget-container\">\n\t\t\t\t\t<h2 class=\"elementor-heading-title elementor-size-default\">R\u00e9cital<\/h2>\t\t\t\t<\/div>\n\t\t\t\t<\/div>\n\t\t\t\t\t<\/div>\n\t\t\t\t<\/div>\n\t\t<div class=\"elementor-element elementor-element-e81a78f e-flex e-con-boxed e-con e-parent\" data-id=\"e81a78f\" data-element_type=\"container\" data-e-type=\"container\">\n\t\t\t\t\t<div class=\"e-con-inner\">\n\t\t\t\t<div class=\"elementor-element elementor-element-06c6b76 elementor-widget elementor-widget-text-editor\" data-id=\"06c6b76\" data-element_type=\"widget\" data-e-type=\"widget\" data-widget_type=\"text-editor.default\">\n\t\t\t\t<div class=\"elementor-widget-container\">\n\t\t\t\t\t\t\t\t\t<p><strong style=\"color: #000000; font-family: 'Times New Roman'; font-size: medium; font-style: normal; font-variant-ligatures: normal; font-variant-caps: normal;\"><br \/><\/strong><span style=\"color: #000000; font-family: 'Times New Roman'; font-size: medium; font-style: normal; font-variant-ligatures: normal; font-variant-caps: normal; font-weight: 400;\">Depuis 2009, Val\u00e9rie Bonnard se produit r\u00e9guli\u00e8rement en r\u00e9cital avec la soprano Charlotte M\u00fcller Perrier. Elles se retrouvent souvent sur la sc\u00e8ne suisse et internationale pour interpr\u00e9ter des oeuvres d\u2019oratorio, notamment sous la direction de Michel Corboz. R\u00e9unies en duo vocal, elles font preuve d\u2019un connivence artistique qui touche imm\u00e9diatement le public.<\/span><br style=\"color: #000000; font-family: 'Times New Roman'; font-size: medium;\" \/><br style=\"color: #000000; font-family: 'Times New Roman'; font-size: medium;\" \/><span style=\"color: #000000; font-family: 'Times New Roman'; font-size: medium; font-style: normal; font-variant-ligatures: normal; font-variant-caps: normal; font-weight: 400;\">Pour les accompagner, elles font appel \u00e0 d\u2019excellents pianiste. Elles ont ainsi eu l\u2019occasion de chanter avec G\u00e9rard Wyss, Christian Chamorel et Anthony di Giantomasso. Elles ont \u00e9galement \u00e9t\u00e9 accompagn\u00e9es chacune de son c\u00f4t\u00e9 par G\u00e9rard Wyss, Fabrizio Chiovetta, Philippe Cassard, Finghin Collins, Virginie Falquet et C\u00e9line Latour.<\/span><br style=\"color: #000000; font-family: 'Times New Roman'; font-size: medium;\" \/><br style=\"color: #000000; font-family: 'Times New Roman'; font-size: medium;\" \/><span style=\"color: #000000; font-family: 'Times New Roman'; font-size: medium; font-style: normal; font-variant-ligatures: normal; font-variant-caps: normal; font-weight: 400;\">Les deux chanteuses ont eu l\u2019occasion de se produire en r\u00e9cital \u00e0 l\u2019occasion de divers festivals et saisons de concerts:<\/span><br style=\"color: #000000; font-family: 'Times New Roman'; font-size: medium;\" \/><br style=\"color: #000000; font-family: 'Times New Roman'; font-size: medium;\" \/><span style=\"color: #000000; font-family: 'Times New Roman'; font-size: medium; font-style: normal; font-variant-ligatures: normal; font-variant-caps: normal; font-weight: 400;\">-Saison de musique de chambre de l\u2019Orchestre de la Tonhalle de Zurich<\/span><br style=\"color: #000000; font-family: 'Times New Roman'; font-size: medium;\" \/><span style=\"color: #000000; font-family: 'Times New Roman'; font-size: medium; font-style: normal; font-variant-ligatures: normal; font-variant-caps: normal; font-weight: 400;\">-Saison de musique de chambre de l\u2019Orchestre de Chambre de Lausanne<\/span><br style=\"color: #000000; font-family: 'Times New Roman'; font-size: medium;\" \/><span style=\"color: #000000; font-family: 'Times New Roman'; font-size: medium; font-style: normal; font-variant-ligatures: normal; font-variant-caps: normal; font-weight: 400;\">-Festival de piano de Saint-Ursanne<\/span><br style=\"color: #000000; font-family: 'Times New Roman'; font-size: medium;\" \/><span style=\"color: #000000; font-family: 'Times New Roman'; font-size: medium; font-style: normal; font-variant-ligatures: normal; font-variant-caps: normal; font-weight: 400;\">-Festival des Haud\u00e8res<\/span><br style=\"color: #000000; font-family: 'Times New Roman'; font-size: medium;\" \/><span style=\"color: #000000; font-family: 'Times New Roman'; font-size: medium; font-style: normal; font-variant-ligatures: normal; font-variant-caps: normal; font-weight: 400;\">-Festival du Bois qui Chante (Ch\u00e2teau-d\u2019Oex)<\/span><br style=\"color: #000000; font-family: 'Times New Roman'; font-size: medium;\" \/><span style=\"color: #000000; font-family: 'Times New Roman'; font-size: medium; font-style: normal; font-variant-ligatures: normal; font-variant-caps: normal; font-weight: 400;\">-Festival Musique et Neige (Diablerets)<\/span><br style=\"color: #000000; font-family: 'Times New Roman'; font-size: medium;\" \/><span style=\"color: #000000; font-family: 'Times New Roman'; font-size: medium; font-style: normal; font-variant-ligatures: normal; font-variant-caps: normal; font-weight: 400;\">-Festival Vierjahreszeiten (Riehen)<\/span><br style=\"color: #000000; font-family: 'Times New Roman'; font-size: medium;\" \/><span style=\"color: #000000; font-family: 'Times New Roman'; font-size: medium; font-style: normal; font-variant-ligatures: normal; font-variant-caps: normal; font-weight: 400;\">-Festival Le Mont Musical (Le Mont-sur-Lausanne)<\/span><br style=\"color: #000000; font-family: 'Times New Roman'; font-size: medium;\" \/><span style=\"color: #000000; font-family: 'Times New Roman'; font-size: medium; font-style: normal; font-variant-ligatures: normal; font-variant-caps: normal; font-weight: 400;\">-Saison de concerts Art et Musique (Sierre)<\/span><br style=\"color: #000000; font-family: 'Times New Roman'; font-size: medium;\" \/><span style=\"color: #000000; font-family: 'Times New Roman'; font-size: medium; font-style: normal; font-variant-ligatures: normal; font-variant-caps: normal; font-weight: 400;\">-Schubertiade de Sion<\/span><br style=\"color: #000000; font-family: 'Times New Roman'; font-size: medium;\" \/><br style=\"color: #000000; font-family: 'Times New Roman'; font-size: medium;\" \/><span style=\"color: #000000; font-family: 'Times New Roman'; font-size: medium; font-style: normal; font-variant-ligatures: normal; font-variant-caps: normal; font-weight: 400;\">Le programme d\u2019un r\u00e9cital comporte une alternance de duos pour voix de femmes (Brahms, Mendelssohn, Schumann, Dvorak\u2026) et des m\u00e9lodies solo (Schubert, Schumann, Brahms, Wolf, Strauss, Rachmaninov, Duparc, Chausson, Poulenc, etc.)<\/span><br style=\"color: #000000; font-family: 'Times New Roman'; font-size: medium;\" \/><br style=\"color: #000000; font-family: 'Times New Roman'; font-size: medium;\" \/><strong style=\"color: #000000; font-family: 'Times New Roman'; font-size: medium; font-style: normal; font-variant-ligatures: normal; font-variant-caps: normal;\"><br \/><\/strong><br style=\"color: #000000; font-family: 'Times New Roman'; font-size: medium;\" \/><span style=\"color: #000000; font-family: 'Times New Roman'; font-size: medium; font-style: normal; font-variant-ligatures: normal; font-variant-caps: normal; font-weight: 400;\">N\u2019h\u00e9sitez pas \u00e0 nous contacter!<\/span><\/p>\t\t\t\t\t\t\t\t<\/div>\n\t\t\t\t<\/div>\n\t\t\t\t\t<\/div>\n\t\t\t\t<\/div>\n\t\t\t\t<\/div>\n\t\t","protected":false},"excerpt":{"rendered":"<p>R\u00e9cital Depuis 2009, Val\u00e9rie Bonnard se produit r\u00e9guli\u00e8rement en r\u00e9cital avec la soprano Charlotte M\u00fcller Perrier. Elles se retrouvent souvent sur la sc\u00e8ne suisse et internationale pour interpr\u00e9ter des oeuvres d\u2019oratorio, notamment sous la direction de Michel Corboz. R\u00e9unies en duo vocal, elles font preuve d\u2019un connivence artistique qui touche imm\u00e9diatement le public.Pour les accompagner, [&hellip;]<\/p>\n","protected":false},"author":1,"featured_media":0,"parent":0,"menu_order":0,"comment_status":"closed","ping_status":"closed","template":"","meta":{"tpgb_global_settings":"","ocean_front_end_style_editor":"no","ocean_post_layout":"","ocean_both_sidebars_style":"","ocean_both_sidebars_content_width":0,"ocean_both_sidebars_sidebars_width":0,"ocean_sidebar":"","ocean_second_sidebar":"","ocean_disable_margins":"enable","ocean_add_body_class":"","ocean_shortcode_before_top_bar":"","ocean_shortcode_after_top_bar":"","ocean_shortcode_before_header":"","ocean_shortcode_after_header":"","ocean_has_shortcode":"","ocean_shortcode_after_title":"","ocean_shortcode_before_footer_widgets":"","ocean_shortcode_after_footer_widgets":"","ocean_shortcode_before_footer_bottom":"","ocean_shortcode_after_footer_bottom":"","ocean_display_top_bar":"default","ocean_display_header":"default","ocean_header_style":"","ocean_center_header_left_menu":"","ocean_custom_header_template":"","ocean_custom_logo":0,"ocean_custom_retina_logo":0,"ocean_custom_logo_max_width":0,"ocean_custom_logo_tablet_max_width":0,"ocean_custom_logo_mobile_max_width":0,"ocean_custom_logo_max_height":0,"ocean_custom_logo_tablet_max_height":0,"ocean_custom_logo_mobile_max_height":0,"ocean_header_custom_menu":"","ocean_menu_typo_font_family":"","ocean_menu_typo_font_subset":"","ocean_menu_typo_font_size":0,"ocean_menu_typo_font_size_tablet":0,"ocean_menu_typo_font_size_mobile":0,"ocean_menu_typo_font_size_unit":"px","ocean_menu_typo_font_weight":"","ocean_menu_typo_font_weight_tablet":"","ocean_menu_typo_font_weight_mobile":"","ocean_menu_typo_transform":"","ocean_menu_typo_transform_tablet":"","ocean_menu_typo_transform_mobile":"","ocean_menu_typo_line_height":0,"ocean_menu_typo_line_height_tablet":0,"ocean_menu_typo_line_height_mobile":0,"ocean_menu_typo_line_height_unit":"","ocean_menu_typo_spacing":0,"ocean_menu_typo_spacing_tablet":0,"ocean_menu_typo_spacing_mobile":0,"ocean_menu_typo_spacing_unit":"","ocean_menu_link_color":"","ocean_menu_link_color_hover":"","ocean_menu_link_color_active":"","ocean_menu_link_background":"","ocean_menu_link_hover_background":"","ocean_menu_link_active_background":"","ocean_menu_social_links_bg":"","ocean_menu_social_hover_links_bg":"","ocean_menu_social_links_color":"","ocean_menu_social_hover_links_color":"","ocean_disable_title":"default","ocean_disable_heading":"default","ocean_post_title":"","ocean_post_subheading":"","ocean_post_title_style":"","ocean_post_title_background_color":"","ocean_post_title_background":0,"ocean_post_title_bg_image_position":"","ocean_post_title_bg_image_attachment":"","ocean_post_title_bg_image_repeat":"","ocean_post_title_bg_image_size":"","ocean_post_title_height":0,"ocean_post_title_bg_overlay":0.5,"ocean_post_title_bg_overlay_color":"","ocean_disable_breadcrumbs":"default","ocean_breadcrumbs_color":"","ocean_breadcrumbs_separator_color":"","ocean_breadcrumbs_links_color":"","ocean_breadcrumbs_links_hover_color":"","ocean_display_footer_widgets":"default","ocean_display_footer_bottom":"default","ocean_custom_footer_template":"","footnotes":""},"class_list":["post-299","page","type-page","status-publish","hentry","entry"],"tpgb_featured_images":null,"tpgb_post_meta_info":{"get_date":"f\u00e9vrier 12, 2024","get_modified_date":"f\u00e9vrier 12, 2024","author_name":"admin","author_url":"https:\/\/valeriebonnard.com\/?author=1","author_email":"valeriebonnard@baladesenchantees.ch","author_website":"","author_description":"","author_facebook":"","author_twitter":"","author_instagram":"","author_role":["administrator"],"author_firstname":"","author_lastname":"","user_login":"valeriebonnard_vcmcn185","author_avatar":"<img alt='' src='https:\/\/secure.gravatar.com\/avatar\/8354f75e9d36b5cdd99c908352c80f8f11744e70db58131a1040f183bcd8f46c?s=200&#038;d=mm&#038;r=g' srcset='https:\/\/secure.gravatar.com\/avatar\/8354f75e9d36b5cdd99c908352c80f8f11744e70db58131a1040f183bcd8f46c?s=400&#038;d=mm&#038;r=g 2x' class='avatar avatar-200 photo' height='200' width='200' decoding='async'\/>","author_avatar_url":"https:\/\/secure.gravatar.com\/avatar\/8354f75e9d36b5cdd99c908352c80f8f11744e70db58131a1040f183bcd8f46c?s=96&d=mm&r=g","comment_count":0,"post_likes":0,"post_views":0},"tpgb_post_category":[],"_links":{"self":[{"href":"https:\/\/valeriebonnard.com\/index.php?rest_route=\/wp\/v2\/pages\/299","targetHints":{"allow":["GET"]}}],"collection":[{"href":"https:\/\/valeriebonnard.com\/index.php?rest_route=\/wp\/v2\/pages"}],"about":[{"href":"https:\/\/valeriebonnard.com\/index.php?rest_route=\/wp\/v2\/types\/page"}],"author":[{"embeddable":true,"href":"https:\/\/valeriebonnard.com\/index.php?rest_route=\/wp\/v2\/users\/1"}],"replies":[{"embeddable":true,"href":"https:\/\/valeriebonnard.com\/index.php?rest_route=%2Fwp%2Fv2%2Fcomments&post=299"}],"version-history":[{"count":4,"href":"https:\/\/valeriebonnard.com\/index.php?rest_route=\/wp\/v2\/pages\/299\/revisions"}],"predecessor-version":[{"id":305,"href":"https:\/\/valeriebonnard.com\/index.php?rest_route=\/wp\/v2\/pages\/299\/revisions\/305"}],"wp:attachment":[{"href":"https:\/\/valeriebonnard.com\/index.php?rest_route=%2Fwp%2Fv2%2Fmedia&parent=299"}],"curies":[{"name":"wp","href":"https:\/\/api.w.org\/{rel}","templated":true}]}}

Récital

<div data-elementor-type="wp-page" data-elementor-id="299" class="elementor elementor-299">
				<div class="elementor-element elementor-element-c986cf3 e-flex e-con-boxed e-con e-parent" data-id="c986cf3" data-element_type="container" data-e-type="container">
					<div class="e-con-inner">
				<div class="elementor-element elementor-element-5c71edb elementor-widget elementor-widget-heading" data-id="5c71edb" data-element_type="widget" data-e-type="widget" data-widget_type="heading.default">
				<div class="elementor-widget-container">
					<h2 class="elementor-heading-title elementor-size-default">Récital</h2>				</div>
				</div>
					</div>
				</div>
		<div class="elementor-element elementor-element-e81a78f e-flex e-con-boxed e-con e-parent" data-id="e81a78f" data-element_type="container" data-e-type="container">
					<div class="e-con-inner">
				<div class="elementor-element elementor-element-06c6b76 elementor-widget elementor-widget-text-editor" data-id="06c6b76" data-element_type="widget" data-e-type="widget" data-widget_type="text-editor.default">
				<div class="elementor-widget-container">
									<p><strong style="color: #000000; font-family: 'Times New Roman'; font-size: medium; font-style: normal; font-variant-ligatures: normal; font-variant-caps: normal;"><br /></strong><span style="color: #000000; font-family: 'Times New Roman'; font-size: medium; font-style: normal; font-variant-ligatures: normal; font-variant-caps: normal; font-weight: 400;">Depuis 2009, Valérie Bonnard se produit régulièrement en récital avec la soprano Charlotte Müller Perrier. Elles se retrouvent souvent sur la scène suisse et internationale pour interpréter des oeuvres d’oratorio, notamment sous la direction de Michel Corboz. Réunies en duo vocal, elles font preuve d’un connivence artistique qui touche immédiatement le public.</span><br style="color: #000000; font-family: 'Times New Roman'; font-size: medium;" /><br style="color: #000000; font-family: 'Times New Roman'; font-size: medium;" /><span style="color: #000000; font-family: 'Times New Roman'; font-size: medium; font-style: normal; font-variant-ligatures: normal; font-variant-caps: normal; font-weight: 400;">Pour les accompagner, elles font appel à d’excellents pianiste. Elles ont ainsi eu l’occasion de chanter avec Gérard Wyss, Christian Chamorel et Anthony di Giantomasso. Elles ont également été accompagnées chacune de son côté par Gérard Wyss, Fabrizio Chiovetta, Philippe Cassard, Finghin Collins, Virginie Falquet et Céline Latour.</span><br style="color: #000000; font-family: 'Times New Roman'; font-size: medium;" /><br style="color: #000000; font-family: 'Times New Roman'; font-size: medium;" /><span style="color: #000000; font-family: 'Times New Roman'; font-size: medium; font-style: normal; font-variant-ligatures: normal; font-variant-caps: normal; font-weight: 400;">Les deux chanteuses ont eu l’occasion de se produire en récital à l’occasion de divers festivals et saisons de concerts:</span><br style="color: #000000; font-family: 'Times New Roman'; font-size: medium;" /><br style="color: #000000; font-family: 'Times New Roman'; font-size: medium;" /><span style="color: #000000; font-family: 'Times New Roman'; font-size: medium; font-style: normal; font-variant-ligatures: normal; font-variant-caps: normal; font-weight: 400;">-Saison de musique de chambre de l’Orchestre de la Tonhalle de Zurich</span><br style="color: #000000; font-family: 'Times New Roman'; font-size: medium;" /><span style="color: #000000; font-family: 'Times New Roman'; font-size: medium; font-style: normal; font-variant-ligatures: normal; font-variant-caps: normal; font-weight: 400;">-Saison de musique de chambre de l’Orchestre de Chambre de Lausanne</span><br style="color: #000000; font-family: 'Times New Roman'; font-size: medium;" /><span style="color: #000000; font-family: 'Times New Roman'; font-size: medium; font-style: normal; font-variant-ligatures: normal; font-variant-caps: normal; font-weight: 400;">-Festival de piano de Saint-Ursanne</span><br style="color: #000000; font-family: 'Times New Roman'; font-size: medium;" /><span style="color: #000000; font-family: 'Times New Roman'; font-size: medium; font-style: normal; font-variant-ligatures: normal; font-variant-caps: normal; font-weight: 400;">-Festival des Haudères</span><br style="color: #000000; font-family: 'Times New Roman'; font-size: medium;" /><span style="color: #000000; font-family: 'Times New Roman'; font-size: medium; font-style: normal; font-variant-ligatures: normal; font-variant-caps: normal; font-weight: 400;">-Festival du Bois qui Chante (Château-d’Oex)</span><br style="color: #000000; font-family: 'Times New Roman'; font-size: medium;" /><span style="color: #000000; font-family: 'Times New Roman'; font-size: medium; font-style: normal; font-variant-ligatures: normal; font-variant-caps: normal; font-weight: 400;">-Festival Musique et Neige (Diablerets)</span><br style="color: #000000; font-family: 'Times New Roman'; font-size: medium;" /><span style="color: #000000; font-family: 'Times New Roman'; font-size: medium; font-style: normal; font-variant-ligatures: normal; font-variant-caps: normal; font-weight: 400;">-Festival Vierjahreszeiten (Riehen)</span><br style="color: #000000; font-family: 'Times New Roman'; font-size: medium;" /><span style="color: #000000; font-family: 'Times New Roman'; font-size: medium; font-style: normal; font-variant-ligatures: normal; font-variant-caps: normal; font-weight: 400;">-Festival Le Mont Musical (Le Mont-sur-Lausanne)</span><br style="color: #000000; font-family: 'Times New Roman'; font-size: medium;" /><span style="color: #000000; font-family: 'Times New Roman'; font-size: medium; font-style: normal; font-variant-ligatures: normal; font-variant-caps: normal; font-weight: 400;">-Saison de concerts Art et Musique (Sierre)</span><br style="color: #000000; font-family: 'Times New Roman'; font-size: medium;" /><span style="color: #000000; font-family: 'Times New Roman'; font-size: medium; font-style: normal; font-variant-ligatures: normal; font-variant-caps: normal; font-weight: 400;">-Schubertiade de Sion</span><br style="color: #000000; font-family: 'Times New Roman'; font-size: medium;" /><br style="color: #000000; font-family: 'Times New Roman'; font-size: medium;" /><span style="color: #000000; font-family: 'Times New Roman'; font-size: medium; font-style: normal; font-variant-ligatures: normal; font-variant-caps: normal; font-weight: 400;">Le programme d’un récital comporte une alternance de duos pour voix de femmes (Brahms, Mendelssohn, Schumann, Dvorak…) et des mélodies solo (Schubert, Schumann, Brahms, Wolf, Strauss, Rachmaninov, Duparc, Chausson, Poulenc, etc.)</span><br style="color: #000000; font-family: 'Times New Roman'; font-size: medium;" /><br style="color: #000000; font-family: 'Times New Roman'; font-size: medium;" /><strong style="color: #000000; font-family: 'Times New Roman'; font-size: medium; font-style: normal; font-variant-ligatures: normal; font-variant-caps: normal;"><br /></strong><br style="color: #000000; font-family: 'Times New Roman'; font-size: medium;" /><span style="color: #000000; font-family: 'Times New Roman'; font-size: medium; font-style: normal; font-variant-ligatures: normal; font-variant-caps: normal; font-weight: 400;">N’hésitez pas à nous contacter!</span></p>								</div>
				</div>
					</div>
				</div>
				</div>

<p>Récital Depuis 2009, Valérie Bonnard se produit régulièrement en récital avec la soprano Charlotte Müller Perrier. Elles se retrouvent souvent sur la scène suisse et internationale pour interpréter des oeuvres d’oratorio, notamment sous la direction de Michel Corboz. Réunies en duo vocal, elles font preuve d’un connivence artistique qui touche immédiatement le public.Pour les accompagner, [&hellip;]</p>

février 12, 2024
